pose 25 = 5*w - r*w. Suppose 0 = -5*x, 5*b + w*x = -0*x + 30. Determine u(b).
-6
Let u(h) be the third derivative of -h**7/5040 - h**6/180 - h**5/20 + 2*h**2. Let c(l) be the third derivative of u(l). Calculate c(-5).
1
Let l = -5 + 1. Let d(v) = -v**2 - 4*v + 5. Give d(l).
5
Let k(y) = -y + 1. Let j(i) = -6*i + 5. Let v(s) = 3*j(s) - 15*k(s). Let r be v(1). Let z(f) = -f**2 - 4*f. Determine z(r).
3
Let h = 57 + -61. Let t(f) = f - 2. Calculate t(h).
-6
Let b(v) = -v**2 + 4*v + 2. Let z = 116 + -110. What is b(z)?
-10
Let b(t) = -t**2 - 3*t + 3. Let p be b(-4). Let g(k) = -4*k**2 - k. Let s be g(p). Let x be (-5)/2*(s - -1). Let u(c) = c + 2. What is u(x)?
7
Let n(s) = s**2 - 8*s - 5. Suppose -4 = -r + 3. Give n(r).
-12
Let d be 0/(-6*(-5)/15). Let x(u) = -u - 8. Calculate x(d).
-8
Let u(j) = 16*j + 1 - 10*j - 3 + j**3 - 7*j**2. Let h(f) = 5*f**2 - 2*f - 1. Let y be h(-1). Calculate u(y).
-2
Let i(f) = -3*f - 9. Let v = -4 + -2. Give i(v).
9
Let c(z) be the second derivative of -z**4/2 + z**2/2 - z. Let d = -1 + 7. Let r(g) = -g + 7. Let s be r(d). Determine c(s).
-5
Let t(u) be the second derivative of -2*u - 1/3*u**3 - 1/4*u**4 + 0 - 1/10*u**5 + 0*u**2. Determine t(-2).
8
Let d = 8 + -7. Let i(c) = 11*c**3 - 2*c + 1. Give i(d).
10
Let a(k) = k**2 - 2*k - 1. Suppose 0 = -2*j + 7 + 3, -4*o + 3*j + 5 = 0. Calculate a(o).
14
Let m(z) = -z**3 + 5*z**2 + 3*z - 2. Let s(t) = 2*t**3 - 6*t**2 - 4*t + 3. Let k(n) = -3*m(n) - 2*s(n). Calculate k(-2).
-2
Let d(i) = 13*i**2 - 5*i**2 + 5*i + 5*i - 7*i**2 + 5. What is d(-10)?
5
Let l(z) = 2*z**2 - 3*z + 2. Let v be l(2). Let c(m) = 4*m - 2*m - 5 - m. Determine c(v).
-1
Let p(o) = -o**2 + 6*o + 3. Let n(l) = -8*l**3 - l - 2. Let j be n(-1). Give p(j).
-4
Let z = -1 - -3. Let p(m) = 6*m**2 - 4*m**2 - 3*m**z + 4*m**2. Calculate p(-2).
12
Let w be 6/(-9)*12/(-8). Suppose -w = -0*a - a. Let x(g) = -7*g**2 + g. Determine x(a).
-6
Let d(m) = -m + 8. Let u be d(2). Let v(l) = -l**2 + 8*l - 9. Calculate v(u).
3
Let a(k) = k**2 + 2*k - 4. Suppose 0 = 5*l - 4*l - 3. Let x be (-4)/(6/l) - 2. Give a(x).
4
Let c(x) = -3 + 6 + x - 1. Suppose 3*b + 12 = -0*b. Let y = 2 + b. Calculate c(y).
0
Let z(v) = 5*v - 4. Let j(a) = -4*a + 3. Let c(b) = -6*j(b) - 5*z(b). Calculate c(5).
-3
Suppose -6*m + 48 + 6 = 0. Let p(q) = -q**2 - 10*q + 1. Let w(r) = 2*r**2 + 21*r - 3. Let k(f) = m*p(f) + 4*w(f). Determine k(-5).
2
Suppose -p - 2*g - 2*g + 10 = 0, 0 = 5*p - 3*g - 4. Let b(m) = 3*m + 1 - 2*m**2 - 4 + p*m. What is b(3)?
-6
Suppose 5*b = -4*i - 0*b - 17, -2*i + b + 9 = 0. Let m(z) = -2 - 2*z + 6 - 4*z**2 - i. Determine m(-2).
-10
Let g(j) = -13*j**2 + 7 - 16*j**2 + 30*j**2 - j. Let i be ((-6)/(-4))/(3/6). Suppose i*n = -n. Determine g(n).
7
Suppose 4*p - 47 = -15. Let r = -29 - -29. Let x(a) = 6*a + p + r*a - 5*a. Determine x(-6).
2
Suppose -h = 4*h - 20. Suppose 2*l - 5*s = -8, -h*s + 11 = -2*l + 5*l. Let z(f) be the third derivative of f**6/30 - f**3/6 + f**2. What is z(l)?
3
Let r(p) be the first derivative of p**3/3 + 5*p**2/2 - p + 9. Let i = -6 + 2. Give r(i).
-5
Let d(g) be the third derivative of 0 - 1/3*g**3 - 1/24*g**4 - 2*g**2 + 0*g. Let w = -4 + 9. Give d(w).
-7
Let f(l) = 11*l + 14 - 2 - 2 - 9*l. Calculate f(-8).
-6
Let u(t) = -2*t + 3. Let d(i) = i - 1. Let r(y) = -5*d(y) - 2*u(y). What is r(3)?
-4
Let v(l) = -l**3 + l**2 + l - 7. Suppose 4*y - 4*z + 1 = -3, 4*y = -4*z + 4. Let c be 6*(y + 2/(-4)). Let t = c + 3. Determine v(t).
-7
Let z(d) = -6*d + 3*d + d**2 + d + 2 + 4*d. Give z(-2).
2
Let j(t) = t**2 - t. Let z(q) = q**3 + 2*q**2 - 3*q - 1. Let d(r) = -5*j(r) + z(r). Let o be ((-24)/9)/(-4)*3. Let b = -1 + o. Determine d(b).
-1
Let n = 10 + -6. Let x(m) = m**2 - 7*m + 6. What is x(n)?
-6
Let d(j) = 6*j + 18. Let s(a) = 7*a + 19. Let o(q) = -5*d(q) + 4*s(q). Determine o(-11).
8
Let z(w) = 9 - 3*w**2 - 7*w + w**3 + w**2 - 3*w**2 - 4. Let o be z(6). Let r(g) = -4*g. Calculate r(o).
4
Let i be (50/(-35))/(-5) - 4/14. Let v(c) be the third derivative of -c**5/60 + c**4/24 - 3*c**3/2 - c**2. Calculate v(i).
-9
Let q be 185/25 + 2/(-5). Suppose -c - q = -3*j - 4, -4*c = -j - 10. Let m(z) = -5*z + z**3 - j*z**2 + 2*z - 3*z + 0 + 3. Calculate m(4).
11
Let r(n) = 3*n**3 + 2*n**2 + 2*n + 1. Let p be ((-6)/8)/(2/8). Suppose 2*a = 5*x - 3*a - 35, -3*a - 11 = 2*x. Let t = x + p. Determine r(t).
-2
Let m be -2 + 0/1 + 17. Let r be (4/(-5))/(3/m). Let c(w) = -w**3 - 5*w**2 - 2*w + 1. Give c(r).
-7
Let j(c) be the first derivative of -c**4/4 + c**3 - 3*c**2/2 + c - 12. Calculate j(2).
-1
Let l(n) = 3*n + 7. Let t be l(-4). Let y(s) = 6*s + 6 - 3 + s**2 - 2*s. Determine y(t).
8
Let j(u) = u - 2. Let t = 8 + -11. What is j(t)?
-5
Let x(o) = 2*o**3 - o**2 - o + 2. Let c be (-16)/(-12) - (-6)/9. What is x(c)?
12
Let g(x) = x**3 + 5*x**2 + 2*x + 2. Let n = 56 + -59. Give g(n).
14
Suppose -2 = l - 5*a, 3*a = -3*l + 26 + 22. Let i = -4 - -7. Suppose -l = 3*b - 2*v, -2*v + 1 + i = 0. Let w(t) = -2*t**2 - 4*t - 3. What is w(b)?
-9
Let x(j) = j**2 + 10*j + 5. Suppose -2*u = 4, 9 = -r - u - 0. Calculate x(r).
-16
Let j(s) be the third derivative of -s**4/12 - s**3/6 - 38*s**2. Calculate j(3).
-7
Let k(v) = -7*v**2 + 15*v - 2. Let b(s) = -3*s**2 + 7*s - 1. Let g(q) = 13*b(q) - 6*k(q). Give g(-2).
9
Let v(k) be the second derivative of -k**4/12 + 7*k**3/3 - 17*k**2/2 - 23*k. Calculate v(12).
7
Suppose 4*q + q - 20 = 0. Suppose -3*h + q + 1 = s, -10 = -5*h - 2*s. Let x(r) = 4*r + h*r**3 + 1 + 2*r**3 - 6*r + r**2. Give x(-2).
-7
Let s(o) be the second derivative of -o**4/12 - 7*o**3/6 - 3*o**2 - 3*o. Suppose -4*g = -2*z + 18, 5*g - 4*z + 12 = 3*g. Give s(g).
6
Let x(i) be the third derivative of -i**4/12 - 3*i**2. Let p(c) = 7*c**3 - c. Let t be p(1). Let f be (t - 0)*(-4)/(-6). What is x(f)?
-8
Let n(w) = 2*w - 1. Let y = -29 - -21. Suppose 2*a - 6 = 4. Let z = a + y. Give n(z).
-7
Let s(b) = 9*b**3 - b**2 - b + 1. Let r(c) = -2*c**3 + 11*c**2 - 6*c + 6. Let t be r(5). Give s(t).
8
Suppose -2*k = -5*k + 9. Let o(f) = -4*f + 1 - 6*f**2 - 3*f**k + 1 + 2*f**3. Let p(x) = x**3 + 6*x**2 + x + 1. Let s be p(-6). Calculate o(s).
-3
Let n(y) = y - 1. Suppose 3*l - 3 = -0. Let x be (-5)/((2 + -3)/l). Determine n(x).
4
Let r(m) = -m**3 - 5*m**2 - 4*m - 2. Let x(z) = 0*z**2 + 2*z**2 - 12*z - 3*z**2 + 9. Let j be x(-13). Give r(j).
-2
Let t(f) = -f + 1. Let k(g) = 4*g + 5. Let r(p) = -k(p) - 3*t(p). Determine r(-4).
-4
Let o be 65/(-15) - 2/(-6). Let y(p) be the second derivative of -p**3/6 - 5*p**2/2 - 2*p. Determine y(o).
-1
Let h be (9/(-6) - -2)*0. Let c(d) = -d**3 - d + 16. Give c(h).
16
Let a(s) = s + 6. Let c = 0 + -2. Let g(d) be the second derivative of -d**3/6 - d**2/2 - 3*d. Let i(t) = c*g(t) - a(t). What is i(4)?
0
Let j(z) = -z + 0 - 2 + 2*z + 0. Calculate j(6).
4
Let g(q) = q**3 + 2*q**2 + q. Let b(w) = -w**2 - w + 1. Let c(n) = -2*b(n) + g(n). What is c(-3)?
-2
Let o be (-4)/(-3) - 8/(-12). Suppose -4 = -n - o. Let r = 4 - n. Let p(u) = -u**3 + 4*u**2 - 3*u. Calculate p(r).
2
Suppose -9*f + 33 = 69. Let q(j) = 1. Let b(w) = -w**2 - 5*w - 6. Let a(n) = b(n) + 4*q(n). Calculate a(f).
2
Let r(x) = x**2 + 5*x - 2. Suppose 0 = s - 7*s - 36. Give r(s).
4
Let v = -3 + 3. Let l(o) = 3 + 8 - o**2 - o + 0 - 4. What is l(v)?
7
Let n(i) be the third derivative of -i**6/120 + i**5/10 + 2*i**3/3 + 2*i**2 + 12*i. Determine n(6).
4
Let x(m) = 9*m - 1. Let g(t) = -2*t + 1. Let n(w) = -3*g(w) - x(w). What is n(1)?
-5
Let w(z) = z**2 - 5*z + 10. Let g(v) be the second derivative of v**4/2 - 13*v**3/3 + 51*v**2/2 + 8*v. Let b(x) = -2*g(x) + 11*w(x). Calculate b(-6).
-10
Suppose 0 = l - 6*l - 5. Let b(g) = -3*g**2 - 33548*g + 33548*g. Determine b(l).
-3
Let w(d) = -d - 4. Let s = -40 - -37. Calculate w(s).
-1
Let p(m) = -m**3 + 6*m**2 - 2*m - 10. Let x be p(5). Let k(q) = -q**2 + 6*q - 1. Determine k(x).
4
Let m(p) = -p**2 + 7*p - 5. Suppose 2*b = -4*h + 20, -4*h + 3*h + 19 = 4*b. Calculate m(b).
7
Let s(u) be the first derivative of -2*u**3/3 - 5*u**2 - 6*u - 17. What is s(-6)?
-18
Let c(p) = p**3 - p**2 - 3*p + 3. Let o be c(2). Let y be 1 + 2 - 2*o. Let r(k) = -943 + k + k**2 + 943. Determine r(y).
2
Suppose 34 - 5 = -4*i + 3*u, -37 = 5*i - 4*u. Let q(c) = c**2 + 4*c - 3. Give q(i).
2
Let y(v) be the second derivative of -v**5/20 + v**4/12 - 3*v**2 + 6*